39811?
3
What is the units digit of 45268?
8
What is the thousands digit of 101825?
1
What is the thousands digit of 52970?
2
What is the tens digit of 25135?
3
What is the units digit of 2817?
7
What is the tens digit of 8311?
1
What is the units digit of 54193?
3
What is the hundreds digit of 722?
7
What is the hundreds digit of 14830?
8
What is the tens digit of 32039?
3
What is the tens digit of 15084?
8
What is the tens digit of 467?
6
What is the units digit of 13440?
0
What is the thousands digit of 4394?
4
What is the thousands digit of 1952?
1
What is the tens digit of 38156?
5
What is the hundreds digit of 28992?
9
What is the hundreds digit of 115915?
9
What is the thousands digit of 14312?
4
What is the units digit of 63525?
5
What is the hundreds digit of 36471?
4
What is the tens digit of 11?
1
What is the ten thousands digit of 16794?
1
What is the hundreds digit of 11422?
4
What is the units digit of 16300?
0
What is the hundreds digit of 2804?
8
What is the hundreds digit of 9407?
4
What is the tens digit of 15390?
9
What is the tens digit of 11940?
4
What is the hundreds digit of 3100?
1
What is the hundreds digit of 7587?
5
What is the hundreds digit of 6880?
8
What is the tens digit of 788?
8
What is the thousands digit of 7334?
7
What is the hundreds digit of 2141?
1
What is the units digit of 6830?
0
What is the thousands digit of 8699?
8
What is the hundreds digit of 38446?
4
What is the tens digit of 498?
9
What is the units digit of 3626?
6
What is the units digit of 14292?
2
What is the ten thousands digit of 134450?
3
What is the thousands digit of 6047?
6
What is the hundreds digit of 27883?
8
What is the hundreds digit of 2993?
9
What is the tens digit of 515?
1
What is the units digit of 2650?
0
What is the thousands digit of 1303?
1
What is the hundreds digit of 33072?
0
What is the units digit of 66672?
2
What is the ten thousands digit of 37507?
3
What is the hundreds digit of 22678?
6
What is the hundreds digit of 109931?
9
What is the tens digit of 40124?
2
What is the thousands digit of 4574?
4
What is the ten thousands digit of 31271?
3
What is the tens digit of 1940?
4
What is the hundreds digit of 841?
8
What is the tens digit of 3857?
5
What is the units digit of 8379?
9
What is the thousands digit of 124938?
4
What is the tens digit of 65777?
7
What is the tens digit of 12855?
5
What is the tens digit of 376?
7
What is the tens digit of 8862?
6
What is the tens digit of 1522?
2
What is the tens digit of 8109?
0
What is the thousands digit of 9408?
9
What is the units digit of 4456?
6
What is the hundreds digit of 9749?
7
What is the thousands digit of 5209?
5
What is the hundreds digit of 95607?
6
What is the units digit of 3230?
0
What is the units digit of 26555?
5
What is the tens digit of 1391?
9
What is the thousands digit of 9966?
9
What is the hundreds digit of 8042?
0
What is the tens digit of 3975?
7
What is the tens digit of 7051?
5
What is the units digit of 601?
1
What is the units digit of 89434?
4
What is the thousands digit of 2488?
2
What is the tens digit of 8887?
8
What is the hundreds digit of 14961?
9
What is the hundreds digit of 2886?
8
What is the units digit of 62100?
0
What is the units digit of 679?
9
What is the tens digit of 2480?
8
What is the hundreds digit of 113567?
5
What is the hundreds digit of 9773?
7
What is the tens digit of 12322?
2
What is the units digit of 32621?
1
What is the hundreds digit of 1273?
2
What is the tens digit of 14720?
2
What is the hundreds digit of 4083?
0
What is the hundreds digit of 943?
9
What is the hundred thousands digit of 103400?
1
What is the hundreds digit of 3825?
8
What is the units digit of 2463?
3
What is the tens digit of 981?
8
What is the units digit of 23347?
7
What is the tens digit of 2733?
3
What is the tens digit of 6074?
7
What is the units digit of 14841?
1
What is the tens digit of 1602?
0
What is the hundreds digit of 7568?
5
What is the units digit of 859?
9
What is the units digit of 185?
5
What is the units digit of 5778?
8
What is the hundreds digit of 35827?
8
What is the hundreds digit of 66448?
4
What is the tens digit of 42432?
3
What is the hundreds digit of 10691?
6
What is the hundreds digit of 15195?
1
What is the hundreds digit of 367?
3
What is the tens digit of 8586?
8
What is the tens digit of 2260?
6
What is the tens digit of 6006?
0
What is the tens digit of 1969?
6
What is the thousands digit of 2340?
2
What is the thousands digit of 1823?
1
What is the tens digit of 758?
5
What is the hundreds digit of 11885?
8
What is the tens digit of 4955?
5
What is the units digit of 4431?
1
What is the units digit of 1243?
3
What is the thousands digit of 20656?
0
What is the hundreds digit of 5741?
7
What is the tens digit of 1169?
6
What is the tens digit of 995?
9
What is the units digit of 4656?
6
What is the tens digit of 6249?
4
What is the units digit of 34606?
6
What is the units digit of 23200?
0
What is the thousands digit of 30613?
0
What is the ten thousands digit of 32085?
3
What is the hundreds digit of 3521?
5
What is the units digit of 196?
6
What is the thousands digit of 9100?
9
What is the thousands digit of 3583?
3
What is the thousands digit of 1210?
1
What is the hundreds digit of 7885?
8
What is the tens digit of 301?
0
What is the thousands digit of 75349?
5
What is the tens digit of 4638?
3
What is the units digit of 1064?
4
What is the tens digit of 59603?
0
What is the thousands digit of 39749?
9
What is the thousands digit of 1981?
1
What is the tens digit of 1217?
1
What is the units digit of 1582?
2
What is the hundreds digit of 25760?
7
What is the hundreds digit of 8579?
5
What is the thousands digit of 3229?
3
What is the thousands digit of 58606?
8
What is the units digit of 10375?
5
What is the units digit of 6303?
3
What is the hundreds digit of 246?
2
What is the tens digit of 8281?
8
What is the hundreds digit of 1237?
2
What is the ten thousands digit of 10103?
1
What is the tens digit of 1111?
1
What is the ten thousands digit of 11571?
1
What is the tens digit of 2612?
1
What is the tens digit of 30373?
7
What is the units digit of 14774?
4
What is the hundreds digit of 56533?
5
What is the tens digit of 2020?
2
What is the units digit of 4756?
6
What is the units digit of 720?
0
What is the thousands digit of 1297?
1
What is the units digit of 9800?
0
What is the ten thousands digit of 42005?
4
What is the hundreds digit of 675?
6
What is the hundreds digit of 115502?
5
What is the units digit of 781?
1
What is the hundreds digit of 43407?
4
What is the hundreds digit of 2345?
3
What is the hundreds digit of 1065?
0
What is the tens digit of 89615?
1
What is the thousands digit of 2813?
2
What is the tens digit of 41764?
6
What is the units digit of 935?
5
What is the hundreds digit of 17687?
6
What is the ten thousands digit of 42807?
4
What is the units digit of 1737?
7
What is the ten thousands digit of 41014?
4
What is the tens digit of 27494?
9
What is the thousands digit of 1987?
1
What is the tens digit of 27945?
4
What is the ten thousands digit of 19283?
1
What is the tens digit of 29904?
0
What is the units digit of 17414?
4
What is the tens digit of 38044?
4
What is the thousands digit of 3600?
3
What is the units digit of 150946?
6
What is the thousands digit of 31814?
1
What is the ten thousands digit of 186301?
8
What is the units digit of 93186?
6
What is the thousands digit of 3067?
3
What is the hundreds digit of 1179?
1
What is the tens digit of 96?
9
What is the units digit of 719?
9
What is the hundreds digit of 13655?
6
What is the thousands digit of 13899?
3
What is the thousands digit of 14036?
4
What is the units digit of 62967?
7
What is the ten thousands digit of 11921?
1
What is the units digit of 57194?
4
What is the thousands digit of 23879?
3
What is the units digit of 2114?
4
What is the hundreds digit of 8973?
9
What is the units digit of 75560?
0
What is the units digit of 125721?
1
What is the thousands digit of 4780?
4
What is the thousands digit of 2652?
2
What is the tens digit of 58098?
9
What is the hundreds digit of 196?
1
What is the hundreds digit of 430?
4
What is the thousands digit of 2127?
2
What is the hundreds digit 